Suppose 2*k - 3*a - 2*a + 17 = 0, -2*k + 2*a = i. Does 21 divide k/2 - 1397/(-22)?
True
Let n be (1*-30)/(10/10). Let x be 1 + -2 - (n - 4). Suppose -2*o + 3*t + x = 0, -3*t + 7*t - 71 = -5*o. Does 4 divide o?
False
Let k(p) = p**2 - 9*p - 68. Let i be k(-5). Suppose 248 + 114 = i*s. Is s a multiple of 20?
False
Suppose 0 = 10*y - 3348 - 3432. Is y a multiple of 5?
False
Suppose 11*i = 13*i - 1164. Suppose 49*b - 46*b = i. Is b a multiple of 25?
False
Suppose -2*p - 2 = -0. Let u be p/(-4 + 13/3). Let s(w) = -15*w + 7. Does 26 divide s(u)?
True
Let d be (-3)/2*(-3 - -1). Suppose -n = 2, -c = -0*c + d*n - 30. Suppose 4*l + 0*s = 4*s + c, -18 = -2*l + s. Is l a multiple of 2?
False
Is 25 a factor of 303 - (1 + -2)*(-4 + 1)?
True
Suppose 5*a = 116 + 109. Suppose -a = -v - 11. Is 17 a factor of v?
True
Suppose 12 = 3*b + 2*g, b - 3*b = -2*g + 2. Suppose 60 = -b*m + 192. Suppose 0*w = 4*x - 4*w - 120, -2*x = 4*w - m. Is 14 a factor of x?
False
Let i(y) = -y**3 + 9*y**2 + 10*y + 7. Suppose -2*h = j + 2 - 14, 0 = 5*h - 4*j - 56. Let f be i(h). Is 15 a factor of (-1)/2 + f/2?
True
Let c be (8/(-3) - -2) + 76/6. Let q(n) = -2*n**3 + 4*n**2 - 2*n - 2. Let g be q(2). Let w = g + c. Does 3 divide w?
True
Let v = 132 - 3. Is v a multiple of 12?
False
Suppose 4*t - 3*u - 574 = 2220, 0 = 5*t + 5*u - 3510. Let d = t + -492. Does 13 divide d?
True
Suppose -216 = 5*y + 799. Let d = 435 + y. Is d a multiple of 15?
False
Does 3 divide 1814/18 + 1196/117 + -10?
False
Let k be (-40)/(-25)*(-10)/(-4). Suppose -2*h - 2*p = -3*p - 39, -k*h = p - 81. Is 5 a factor of h?
True
Is 8 a factor of 4 + 15 - 21/7?
True
Suppose 3*o - 7*o + 20 = 0. Suppose 5*m + 4*b - 2386 = 724, -5*b + 3110 = o*m. Is m/12 + (-7)/(-42) a multiple of 24?
False
Let q(j) = j**2 - 14*j + 18. Let a = 37 + -24. Let b be q(a). Suppose 20 = 5*h, 2*t + 2*t - 112 = b*h. Is t a multiple of 33?
True
Suppose 3*t = 1 - 13. Suppose 102 = 4*u + 2*u. Let b = t + u. Is 5 a factor of b?
False
Suppose -3*i = -i - 52. Let y = i - 9. Is 5 a factor of y?
False
Suppose -4*d - 96 = -8*d. Let t = d - -9. Does 11 divide t?
True
Let q be (-6)/9 - (-296)/(-6) - -1. Let i = 31 - q. Is i a multiple of 38?
False
Suppose -2*o = -g - 15, 2*g - 6*g - 35 = -3*o. Suppose -q - 6 = -4*h, -6 = -o*q + 4*q - 2*h. Suppose 160 = q*p + 3*p. Is p a multiple of 14?
False
Suppose -3*f + 2259 = 5*v, 4*v - 4*f = f + 1822. Suppose 0 = -5*r + 15, v = u + 2*u - 4*r. Does 25 divide u?
False
Let d(a) = a**2 + 12*a + 7. Let p be d(-13). Suppose -8*i = -4*i - p. Does 5 divide i?
True
Let h(f) = -11*f + 3. Let w = -6 + 2. Is 12 a factor of h(w)?
False
Let f(j) = j**3 + 7*j**2 + 9*j + 8. Let p be f(-6). Let y = p + 29. Is y a multiple of 8?
False
Let u = 287 + -222. Is 2 a factor of u?
False
Let v(p) = -8*p + 35. Let u(d) = -7*d + 36. Let o(g) = 2*u(g) - 3*v(g). Is 39 a factor of o(10)?
False
Suppose -3*r + 3*z + 15 = 3, r + z = 10. Suppose -u - r = -2*m, -4*m + 34 = u + 11. Suppose s - 3*s + 118 = u*d, -4*d - 2*s = -158. Is d a multiple of 8?
True
Let a = 40 - 38. Suppose -6*d + 136 = a*d. Is d a multiple of 10?
False
Suppose -y + 173 + 139 = 0. Does 12 divide y?
True
Let k = -100 + 391. Is k a multiple of 6?
False
Let t be 12/5 - (-50)/(-125). Does 15 divide (t + -11)/(-3) + 121?
False
Is 4 a factor of (-24)/(-1)*(-14 + 19)?
True
Let q(j) = -34*j**3 + j**2 - 1. Let n be q(-1). Suppose 0 = -3*o - 2*t + 118, 0 = -o + 2*o - 2*t - n. Suppose k + 6 = o. Is 16 a factor of k?
True
Let f(i) = -37*i + 5. Let u be f(-6). Let l = u - 122. Does 21 divide l?
True
Suppose -5*m - 2*m + 1400 = 0. Does 63 divide m?
False
Let v(u) = -8*u - 19. Suppose 3*k - 7*k + 9 = -y, 4*k = 5*y + 45. Does 16 divide v(y)?
False
Let f(t) = t + 3. Let k be f(0). Let w = k - -16. Is w a multiple of 19?
True
Suppose 7 + 3 = 2*c. Suppose 19 = 3*a - c. Is (-9 - 12)*a/(-6) a multiple of 8?
False
Is (-877 - -8)/(2/(-4 - -2)) a multiple of 68?
False
Let v(a) = 33*a**3 - 6*a**2 - 5*a + 37. Is v(4) a multiple of 84?
False
Let p(v) = 2*v**3 - 9*v**2 + 15*v + 2. Let k be 4/3*81/18. Is p(k) a multiple of 40?
True
Let s(l) be the third derivative of 16*l**5/15 + l**4/12 + l**3/6 - 2*l**2. Is 21 a factor of s(-1)?
True
Let n(y) = -y**3 + 14*y**2 - 25*y + 16. Let w be n(12). Is 9 a factor of 2/14 + 5525/35 + w?
True
Let f be (-884)/(-6) + -4*5/60. Let u = f + -101. Is u a multiple of 23?
True
Let b(o) = 6*o**3 - 9*o**2 - 20*o + 63. Does 30 divide b(6)?
False
Let q = -245 - -355. Does 12 divide q/(-22) - -64*4?
False
Suppose 3*a + 7*u = 10*u + 9918, -a + 2*u + 3302 = 0. Is 10 a factor of a?
True
Let x(m) = -7*m**3 + 2*m + 1. Let j be x(-1). Let h = -2 + j. Suppose -4*o + 2*k = -178, -2*o - h*k = -0*o - 84. Is 11 a factor of o?
True
Let j(l) = l**2 - 10*l - 6. Suppose 5*v + y = 49, -3*v + 2*v - y + 9 = 0. Let a be j(v). Is (-189)/14*16/a a multiple of 12?
True
Let i(d) = -d**2 + 6*d - 5. Suppose -35 = -4*u - 7. Let m be i(u). Let p(o) = -7*o + 4. Is p(m) a multiple of 22?
True
Let c(i) = 2*i - 4. Let b(v) = v**2 + 6*v - 3. Let p be b(-7). Let x be c(p). Suppose -w + h = -29, -3*w - x*h - 68 = -5*w. Is w a multiple of 12?
True
Let c(n) = 3*n**2 + n + 3. Let z be c(9). Suppose -3*k = -l - 128 - 115, -z = -3*k - 3*l. Is 41 a factor of k?
True
Let o = -424 + 673. Let c(k) = k + 7. Let w be c(-4). Suppose -w*l + 0*d + 3*d + o = 0, -6 = -3*d. Is 17 a factor of l?
True
Let z be (2 - (-16)/(-5))*-15. Suppose 0 = -3*p + 45 + z. Suppose 0 = -3*d - 3 + p. Is 6 a factor of d?
True
Let j(w) be the first derivative of w**3/3 + 7*w**2/2 - 7*w + 18. Does 13 divide j(-14)?
True
Let a = -8 - -41. Suppose p - a = -29. Suppose -p*n = -9*n + 245. Does 7 divide n?
True
Suppose -3*y + 465 = -4*k + 7*k, -4*y + k + 645 = 0. Does 18 divide y?
False
Suppose 356 - 50 = -6*k. Let h = 87 + k. Does 9 divide h?
True
Let y(b) = -b + 52. Let w(p) = -p**3 + 5*p**2 - 6*p. Let f be w(3). Let z be y(f). Suppose 0 = 2*c - 2*l - 56, c - 3*l = -c + z. Does 14 divide c?
False
Suppose 2*i + 2*n = -50, i + 90 = -3*i - 2*n. Suppose 0 = 4*l - 4*j + 59 - 211, 0 = -3*l - j + 110. Let u = i + l. Is u a multiple of 17?
True
Let n(m) be the second derivative of -m**4/12 - m**3/3 - 3*m**2 + 4*m. Let a be n(-5). Is 20 a factor of (2 + -14)*70/a?
True
Suppose 15627 = 25*b - 2673. Does 61 divide b?
True
Suppose -y = y - 10. Suppose -y = -3*w + 1. Suppose -3*t + 81 = q + 23, 3*q + w*t - 167 = 0. Is q a multiple of 16?
False
Let b(u) = 2*u**2 + u - 11. Let p be b(-5). Is 4/p - 7191/(-289) a multiple of 25?
True
Let z be (2*15/(-6))/(-1). Let t = 0 + z. Is 16 a factor of (-4)/((5/(-4))/t)?
True
Does 20 divide 18/(-10) - (-74109)/105?
False
Let b(r) = r**3 - r**2 + 3*r + 2. Let d be b(-2). Let s = d + 27. Suppose 4*l + 55 = 2*v + s, 5*v + 4*l = 96. Does 10 divide v?
True
Let b = 106 - 39. Is b a multiple of 65?
False
Suppose 10*q + 39*q - 18571 = 0. Is q a multiple of 42?
False
Let s(f) = -f**2 - 2*f + 934. Is s(0) a multiple of 22?
False
Let q = -2048 - -3632. Is q a multiple of 72?
True
Suppose -5*w + 240 = -360. Let d = w - 42. Is 25 a factor of d?
False
Suppose -48*j + 3*j = -8100. Does 12 divide j?
True
Let q(s) be the second derivative of -s**4/12 - 13*s**3/6 - 4*s**2 - s. Let r be q(-12). Suppose 3*v = 5*g + 48, -3*v + 6*v - 21 = -r*g. Does 6 divide v?
False
Suppose 0 = -5*h + 2*h. Suppose -2*d + 0 + 4 = h. Is 34*(d + 1)*1 a multiple of 23?
False
Suppose 5*k = z + z - 18, 4*k + 11 = 5*z. Let p = 4 - z. Suppose -4*v + p*v - 29 = 0. Is 29 a factor of v?
True
Suppose 2*c + 2 = 6. Let v(s) = -2 - 17*s + 11*s - s**c + 0. Does 3 divide v(-4)?
True
Does 8 divide (-4 - 98)*(-16)/12?
True
Let q = -2 + 5. Suppose 2*v + v - r = 89, q*v + r - 79 = 0. Is 7 a factor of v?
True
Let l(x) = -x**3 - 7*x**2 - 6*x + 4. Let a be l(-6). Suppose -y - 4*p + 20 = y, -5*p = 4*y - 31. Let o = y + a. Is 2 a factor of o?
True
Suppose 15*b = 19*b - 16. Suppose -b*p - 558 = -3*m - 7*p, m - 3*p - 186 = 0. Is m a multiple of 30?
False
Let i(y) = -y**3 - 16*y**2 - 42*y - 4. Does 24 divide i(-14)?
True
Let u be (7 - 6) + 0 + 2. Suppose 55 = 2*d - u*t, -4*t + 69 = 3*d - 39. Suppose 0 = -0*n + 4*n - d. Does 4 divide n?
True
Suppose 7 - 22 = -5*v. Suppose 0 = -s + 4*a + 33, -v*s + s = -2*a - 72. Is s a multiple of 6?
False
Let d(i) = i**3 - 9*i**2 + 10*i - 5. Let z(n) = n**3 - 2 + 1 + 